 by 59?
17
What is the remainder when 1172 is divided by 47?
44
What is the remainder when 7046 is divided by 29?
28
What is the remainder when 10121 is divided by 27?
23
What is the remainder when 173 is divided by 2?
1
Calculate the remainder when 321 is divided by 180.
141
Calculate the remainder when 648 is divided by 73.
64
Calculate the remainder when 75 is divided by 12.
3
What is the remainder when 261 is divided by 57?
33
What is the remainder when 10897 is divided by 20?
17
Calculate the remainder when 621 is divided by 78.
75
What is the remainder when 664 is divided by 245?
174
Calculate the remainder when 1037 is divided by 52.
49
What is the remainder when 84 is divided by 16?
4
Calculate the remainder when 2945 is divided by 50.
45
What is the remainder when 83 is divided by 11?
6
What is the remainder when 52 is divided by 32?
20
What is the remainder when 266 is divided by 31?
18
Calculate the remainder when 1769 is divided by 48.
41
Calculate the remainder when 4960 is divided by 11.
10
Calculate the remainder when 153 is divided by 12.
9
Calculate the remainder when 440 is divided by 49.
48
What is the remainder when 985 is divided by 58?
57
Calculate the remainder when 66 is divided by 14.
10
Calculate the remainder when 212 is divided by 117.
95
Calculate the remainder when 1160 is divided by 167.
158
What is the remainder when 176 is divided by 26?
20
What is the remainder when 1518 is divided by 18?
6
What is the remainder when 1811 is divided by 73?
59
What is the remainder when 105 is divided by 29?
18
What is the remainder when 1366 is divided by 454?
4
Calculate the remainder when 25 is divided by 17.
8
Calculate the remainder when 3079 is divided by 11.
10
What is the remainder when 927 is divided by 919?
8
What is the remainder when 132 is divided by 22?
0
What is the remainder when 218 is divided by 23?
11
Calculate the remainder when 607 is divided by 16.
15
What is the remainder when 82 is divided by 27?
1
Calculate the remainder when 2728 is divided by 13.
11
Calculate the remainder when 15 is divided by 3.
0
What is the remainder when 638 is divided by 53?
2
What is the remainder when 452 is divided by 19?
15
What is the remainder when 1000 is divided by 139?
27
What is the remainder when 7273 is divided by 15?
13
Calculate the remainder when 108 is divided by 16.
12
What is the remainder when 966 is divided by 139?
132
What is the remainder when 216 is divided by 16?
8
What is the remainder when 42 is divided by 38?
4
What is the remainder when 11395 is divided by 74?
73
What is the remainder when 2779 is divided by 10?
9
Calculate the remainder when 32 is divided by 18.
14
Calculate the remainder when 142 is divided by 33.
10
Calculate the remainder when 670 is divided by 61.
60
Calculate the remainder when 406 is divided by 48.
22
Calculate the remainder when 701 is divided by 137.
16
Calculate the remainder when 799 is divided by 90.
79
Calculate the remainder when 328 is divided by 6.
4
Calculate the remainder when 241 is divided by 155.
86
Calculate the remainder when 774 is divided by 71.
64
Calculate the remainder when 154 is divided by 26.
24
What is the remainder when 348 is divided by 50?
48
Calculate the remainder when 238 is divided by 82.
74
What is the remainder when 370 is divided by 38?
28
What is the remainder when 26332 is divided by 66?
64
Calculate the remainder when 779 is divided by 8.
3
What is the remainder when 70 is divided by 33?
4
Calculate the remainder when 1053 is divided by 177.
168
What is the remainder when 2179 is divided by 25?
4
Calculate the remainder when 36 is divided by 9.
0
What is the remainder when 1607 is divided by 124?
119
Calculate the remainder when 1531 is divided by 760.
11
Calculate the remainder when 89 is divided by 80.
9
What is the remainder when 305 is divided by 93?
26
Calculate the remainder when 310 is divided by 35.
30
What is the remainder when 2726 is divided by 2720?
6
Calculate the remainder when 6331 is divided by 132.
127
Calculate the remainder when 743 is divided by 12.
11
What is the remainder when 1651 is divided by 24?
19
Calculate the remainder when 1011 is divided by 120.
51
What is the remainder when 523 is divided by 7?
5
What is the remainder when 164 is divided by 27?
2
What is the remainder when 541 is divided by 262?
17
What is the remainder when 1248 is divided by 9?
6
What is the remainder when 2897 is divided by 69?
68
What is the remainder when 2365 is divided by 235?
15
Calculate the remainder when 659 is divided by 457.
202
Calculate the remainder when 3246 is divided by 203.
201
What is the remainder when 1745 is divided by 27?
17
What is the remainder when 513 is divided by 43?
40
What is the remainder when 496 is divided by 234?
28
Calculate the remainder when 1689 is divided by 30.
9
What is the remainder when 387 is divided by 28?
23
Calculate the remainder when 571 is divided by 96.
91
What is the remainder when 307 is divided by 10?
7
Calculate the remainder when 739 is divided by 245.
4
What is the remainder when 6276 is divided by 18?
12
What is the remainder when 524 is divided by 25?
24
What is the remainder when 891 is divided by 229?
204
What is the remainder when 3709 is divided by 53?
52
What is the remainder when 142 is divided by 8?
6
What is the remainder when 630 is divided by 202?
24
What is the remainder when 589 is divided by 294?
1
Calculate the remainder when 2014 is divided by 28.
26
What is the remainder when 1103 is divided by 79?
76
What is the remainder when 3031 is divided by 1006?
13
What is the remainder when 232 is divided by 62?
46
Calculate the remainder when 20138 is divided by 20.
18
Calculate the remainder when 62 is divided by 32.
30
Calculate the remainder when 893 is divided by 14.
11
What is the remainder when 165 is divided by 67?
31
Calculate the remainder when 728 is divided by 115.
38
What is the remainder when 112 is divided by 35?
7
What is the remainder when 4451 is divided by 11?
7
What is the remainder when 6296 is divided by 46?
40
Calculate the remainder when 1231 is divided by 138.
127
What is the remainder when 4028 is divided by 192?
188
Calculate the remainder when 469 is divided by 47.
46
What is the remainder when 29 is divided by 10?
9
Calculate the remainder when 664 is divided by 23.
20
Calculate the remainder when 158 is divided by 58.
42
Calculate the remainder when 410 is divided by 19.
11
What is the remainder when 961 is divided by 91?
51
Calculate the remainder when 674 is divided by 135.
134
Calculate the remainder when 378 is divided by 38.
36
Calculate the remainder when 73 is divided by 20.
13
Calculate the remainder when 21 is divided by 6.
3
What is the remainder when 54 is divided by 26?
2
What is the remainder when 447 is divided by 85?
22
Calculate the remainder when 39 is divided by 38.
1
What is the remainder when 74 is divided by 32?
10
What is the remainder when 41 is divided by 14?
13
Calculate the remainder when 119 is divided by 40.
39
What is the remainder when 374 is divided by 33?
11
Calculate the remainder when 1150 is divided by 192.
190
What is the remainder when 91 is divided by 28?
7
What is the remainder when 69 is divided by 3?
0
What is the remainder when 848 is divided by 269?
41
What is the remainder when 163 is divided by 34?
27
What is the remainder when 54 is divided by 16?
6
Calculate the remainder when 1240 is divided by 73.
72
Calculate the remainder when 990 is divided by 31.
29
What is the remainder when 654 is divided by 8?
6
What is the remainder when 15825 is divided by 133?
131
What is the remainder when 40 is divided by 14?
12
What is the remainder when 1291 is divided by 48?
43
Calculate the remainder when 8243 is divided by 25.
18
Calculate the remainder when 3273 is divided by 1091.
0
Calculate the remainder when 2200 is divided by 31.
30
Calculate the remainder when 5029 is divided by 34.
31
Calculate the remainder when 804 is divided by 54.
48
What is the remainder when 8685 is divided by 4342?
1
Calculate the remainder when 95 is divided by 33.
29
Calculate the remainder when 4402 is divided by 1100.
2
What is the remainder when 396 is divided by 134?
128
Calculate the remainder when 386 is divided by 98.
